{"id":337,"date":"2025-04-19T13:40:20","date_gmt":"2025-04-19T13:40:20","guid":{"rendered":"https:\/\/www.drewol.pl\/?post_type=product&#038;p=337"},"modified":"2025-07-22T13:56:38","modified_gmt":"2025-07-22T13:56:38","slug":"kredka-przemyslowa","status":"publish","type":"product","link":"https:\/\/www.drewol.pl\/?product=kredka-przemyslowa","title":{"rendered":"Kredka przemys\u0142owa"},"content":{"rendered":"<p>Kredka przemys\u0142owa <strong>CRAYONS LUMBER<\/strong> to niezawodne narz\u0119dzie do oznaczania materia\u0142\u00f3w w trudnych warunkach pracy. Dzi\u0119ki <strong>sze\u015bciok\u0105tnemu przekrojowi<\/strong>zapewnia wygodny chwyt i precyzyjne znakowanie, a jej <strong>wysoka odporno\u015b\u0107 na \u015bcieranie<\/strong> gwarantuje trwa\u0142o\u015b\u0107 oznacze\u0144 nawet w wymagaj\u0105cym \u015brodowisku.<\/p>\n<p>\ud83d\udee0 <strong>Zastosowanie:<\/strong><br \/>\n\u2714 Tartaki \u2013 znakowanie d\u0142ugo\u015bci i szeroko\u015bci tarcicy<br \/>\n\u2714 Drewno \u2013 mokre i suche<br \/>\n\u2714 Beton, kamie\u0144, guma, papier, tektura \u2013 wszechstronne zastosowanie<br \/>\n\u2714 Oznaczenia odporne na warunki atmosferyczne<\/p>\n<p>\ud83d\udd39 <strong>\u015arednica:<\/strong> 12 mm<br \/>\n\ud83d\udd39 <strong>D\u0142ugo\u015b\u0107:<\/strong> 120 mm<br \/>\n\ud83d\udd39 <strong>Doskona\u0142a pigmentacja<\/strong> \u2013 wyra\u017ane \u015blady na ka\u017cdej powierzchni<\/p>\n<p>Idealny wyb\u00f3r dla profesjonalist\u00f3w z bran\u017cy drzewnej, budowlanej i przemys\u0142owej. <strong>Trwa\u0142o\u015b\u0107, precyzja, niezawodno\u015b\u0107!<\/strong><\/p>\n","protected":false},"excerpt":{"rendered":"<p>Kredka przemys\u0142owa CRAYONS LUMBER to niezawodne narz\u0119dzie do oznaczania materia\u0142\u00f3w w trudnych warunkach pracy. Dzi\u0119ki sze\u015bciok\u0105tnemu przekrojowizapewnia wygodny chwyt i precyzyjne znakowanie, a jej wysoka odporno\u015b\u0107 na \u015bcieranie gwarantuje trwa\u0142o\u015b\u0107 oznacze\u0144 nawet w wymagaj\u0105cym \u015brodowisku. \ud83d\udee0 Zastosowanie: \u2714 Tartaki \u2013 znakowanie d\u0142ugo\u015bci i szeroko\u015bci tarcicy \u2714 Drewno \u2013 mokre i suche \u2714 Beton, kamie\u0144, guma, [&hellip;]<\/p>\n","protected":false},"featured_media":403,"comment_status":"open","ping_status":"closed","template":"","meta":[],"product_brand":[],"product_cat":[24],"product_tag":[],"class_list":{"0":"post-337","1":"product","2":"type-product","3":"status-publish","4":"has-post-thumbnail","6":"product_cat-bez-kategorii","8":"first","9":"instock","10":"featured","11":"shipping-taxable","12":"purchasable","13":"product-type-simple"},"_links":{"self":[{"href":"https:\/\/www.drewol.pl\/index.php?rest_route=\/wp\/v2\/product\/337","targetHints":{"allow":["GET"]}}],"collection":[{"href":"https:\/\/www.drewol.pl\/index.php?rest_route=\/wp\/v2\/product"}],"about":[{"href":"https:\/\/www.drewol.pl\/index.php?rest_route=\/wp\/v2\/types\/product"}],"replies":[{"embeddable":true,"href":"https:\/\/www.drewol.pl\/index.php?rest_route=%2Fwp%2Fv2%2Fcomments&post=337"}],"wp:featuredmedia":[{"embeddable":true,"href":"https:\/\/www.drewol.pl\/index.php?rest_route=\/wp\/v2\/media\/403"}],"wp:attachment":[{"href":"https:\/\/www.drewol.pl\/index.php?rest_route=%2Fwp%2Fv2%2Fmedia&parent=337"}],"wp:term":[{"taxonomy":"product_brand","embeddable":true,"href":"https:\/\/www.drewol.pl\/index.php?rest_route=%2Fwp%2Fv2%2Fproduct_brand&post=337"},{"taxonomy":"product_cat","embeddable":true,"href":"https:\/\/www.drewol.pl\/index.php?rest_route=%2Fwp%2Fv2%2Fproduct_cat&post=337"},{"taxonomy":"product_tag","embeddable":true,"href":"https:\/\/www.drewol.pl\/index.php?rest_route=%2Fwp%2Fv2%2Fproduct_tag&post=337"}],"curies":[{"name":"wp","href":"https:\/\/api.w.org\/{rel}","templated":true}]}}